{"id":1005,"date":"2018-07-19T22:15:29","date_gmt":"2018-07-19T20:15:29","guid":{"rendered":"http:\/\/pilafestival.com\/english\/?page_id=1005"},"modified":"2021-08-13T21:16:08","modified_gmt":"2021-08-13T19:16:08","slug":"katarzyna-budnik","status":"publish","type":"page","link":"https:\/\/pilafestival.com\/english\/katarzyna-budnik\/","title":{"rendered":"Katarzyna Budnik"},"content":{"rendered":"<div id=\"dslc-main\">\r\n\t\t<div  class=\"dslc-modules-section \" style=\"\" data-section-id=\"78f81fa3c00\">\r\n\t\t\t\t\r\n\t\t\t\t\r\n\t\t\t\t<div class=\"dslc-modules-section-wrapper dslc-clearfix\"><div class=\"dslc-modules-area dslc-col dslc-12-col dslc-last-col dslc-valign- \" data-size=\"12\" data-valign=\"\">\r\n\t\t<div id=\"dslc-module-270e207bb22\" class=\"dslc-module-front dslc-module-DSLC_Image dslc-in-viewport-check dslc-in-viewport-anim-none  dslc-col dslc-12-col dslc-last-col  dslc-module-handle-like-regular \" data-module-id=\"270e207bb22\" data-module=\"DSLC_Image\" data-dslc-module-size=\"12\" data-dslc-anim=\"none\" data-dslc-anim-delay=\"\" data-dslc-anim-duration=\"650\"  data-dslc-anim-easing=\"ease\" data-dslc-preset=\"none\" >\r\n\r\n\t\t\t\r\n\t\t\t\r\n\t\t\t\t<div class=\"dslc-image-container\">\r\n\t\t<div class=\"dslc-image\">\r\n\r\n\t\t\t\r\n\t\t\t\t\r\n\t\t\t\t\t\t\t\t\t<img src=\"https:\/\/pilafestival.com\/english\/wp-content\/uploads\/sites\/2\/2019\/03\/Katarzyna-B-04.jpg\" alt=\"\" title=\"\" srcset=\"https:\/\/pilafestival.com\/english\/wp-content\/uploads\/sites\/2\/2019\/03\/Katarzyna-B-04.jpg 461w, https:\/\/pilafestival.com\/english\/wp-content\/uploads\/sites\/2\/2019\/03\/Katarzyna-B-04-274x300.jpg 274w\" sizes=\"(max-width: 461px) 100vw, 461px\" \/>\r\n\t\t\t\t\r\n\t\t\t\t\t\t\t\t\t<\/div><!-- .dslc-image -->\r\n\t\t<\/div>\r\n\t\t\r\n\t\t\t\t<\/div><!-- .dslc-module -->\r\n\t\t<\/div><\/div><\/div>\r\n\t\t<div  class=\"dslc-modules-section \" style=\"\" data-section-id=\"78f81fa3c00\">\r\n\t\t\t\t\r\n\t\t\t\t\r\n\t\t\t\t<div class=\"dslc-modules-section-wrapper dslc-clearfix\"><div class=\"dslc-modules-area dslc-col dslc-12-col dslc-last-col dslc-valign- \" data-size=\"12\" data-valign=\"\">\r\n\t\t<div id=\"dslc-module-12cbe35c0e5\" class=\"dslc-module-front dslc-module-DSLC_TP_Title dslc-in-viewport-check dslc-in-viewport-anim-none  dslc-col dslc-12-col dslc-last-col  dslc-module-handle-like-regular \" data-module-id=\"12cbe35c0e5\" data-module=\"DSLC_TP_Title\" data-dslc-module-size=\"12\" data-dslc-anim=\"none\" data-dslc-anim-delay=\"\" data-dslc-anim-duration=\"650\"  data-dslc-anim-easing=\"ease\" data-dslc-preset=\"none\" >\r\n\r\n\t\t\t\r\n\t\t\t\r\n\t\t\r\n\t\t\t\t<div class=\"dslc-tp-title\"><h1>Katarzyna Budnik<\/h1><\/div>\r\n\r\n\t\t\t\r\n\t\t\t\t<\/div><!-- .dslc-module -->\r\n\t\t<\/div><\/div><\/div>\r\n\t\t<div  class=\"dslc-modules-section \" style=\"padding-bottom:50px;padding-top:50px;\" data-section-id=\"8d47fa99cf9\">\r\n\t\t\t\t\r\n\t\t\t\t\r\n\t\t\t\t<div class=\"dslc-modules-section-wrapper dslc-clearfix\"><div class=\"dslc-modules-area dslc-col dslc-12-col dslc-last-col dslc-valign- \" data-size=\"12\" data-valign=\"\">\r\n\t\t<div id=\"dslc-module-5a3a8d125ea\" class=\"dslc-module-front dslc-module-DSLC_Text_Simple dslc-in-viewport-check dslc-in-viewport-anim-none  dslc-col dslc-12-col dslc-last-col  dslc-module-handle-like-regular \" data-module-id=\"5a3a8d125ea\" data-module=\"DSLC_Text_Simple\" data-dslc-module-size=\"12\" data-dslc-anim=\"none\" data-dslc-anim-delay=\"\" data-dslc-anim-duration=\"650\"  data-dslc-anim-easing=\"ease\" data-dslc-preset=\"none\" >\r\n\r\n\t\t\t\r\n\t\t\t\r\n\t\t\r\n\t\t<div class=\"dslc-text-module-content\">\r\n\t\t\t<div class=\"maincontent\"><div class=\"item-page\"><p>Katarzyna Budnik graduated from the Fryderyk Chopin University of Music in Warsaw from the violin class of Professor Miros\u0142aw \u0141awrynowicz, Andrzej G\u0119bski and Janusz Wawrowski, and from the viola class of Professor Piotr Reichert. She is currently employed at her alma mater as assistant lecturer.<\/p><p>In September 2013 Budnik won 3<sup>rd<\/sup> prize in the prestigious ARD competition in Munich. She was also successful in many competitions in Poland and abroad, including the 47<sup>th<\/sup> Ludwig van Beethoven competition in Hradec (2008, 1<sup>st<\/sup> prize), 15<sup>th<\/sup> Johannes Brahms International competition in P\u00f6rtschach (2008, 1<sup>st<\/sup> prize), 8<sup>th<\/sup> Jan Rakowski National Viola Competition (2008, 1<sup>st<\/sup> prize), the Max Rostal International competition in Berlin (2009, 2<sup>nd<\/sup> prize), Max Reger International Chamber Music Competition in Sondershausen (2009, 2<sup>nd<\/sup> prize and special prize for the best performance of Max Reger\u2019s suite for viola solo) and the 4<sup>th<\/sup> Micha\u0142 Spisak International Competition (2010, 2<sup>nd<\/sup> prize and special prize).<\/p><p class=\"split\">She has performed many times as soloist and in chamber ensembles in Poland and in many countries in Europe. In 2010 she was involved in the Chamber Music Connects the World project, organised by the Kronberg Academy, where she performed with some of the greatest musicians in the world, including Gidon Kremer, Tatiana Grindenko, Yuri Bashmet and Frans Helmerson.<\/p><div class=\"last  column\"><p>She has also performed at many renowned festivals, including the Music Festival in \u0141a\u0144cut, at the \u201cMuzyka na Szczytach\u201d [Music from the Mountaintops] International Chamber Music Festival in Zakopane and at the Kammermusikfest Lockenhaus (to which she was invited by Gidon Kremer).<\/p><p>Released in November 2013, her solo album (\u201cViola Recital\u201d) was nominated for the Fryderyk 2014 award.<\/p><p>For her outstanding achievements Katarzyna Budnik received a\u00a0scholarship from the Minister of Culture and National Heritage. She has also received a\u00a0scholarship from the \u201cM\u0142oda Polska\u201d [Young Poland] program. In 2013 she was nominated for \u201cPolityka\u201d magazine\u2019s Passport award.<br><br>She has been the principal viola leader in the Sinfonia Varsovia Orchestra since 2014.<\/p><\/div><\/div><\/div>\t\t<\/div>\r\n\r\n\t\t\r\n\t\t\t\t<\/div><!-- .dslc-module -->\r\n\t\t<\/div><\/div><\/div><\/div>","protected":false},"excerpt":{"rendered":"<p>Katarzyna Budnik Katarzyna Budnik graduated from the Fryderyk Chopin University of Music in Warsaw from the violin class of Professor Miros\u0142aw \u0141awrynowicz, Andrzej G\u0119bski and Janusz Wawrowski, and from the viola class of Professor Piotr Reichert. She is currently employed at her alma mater as assistant lecturer.In September 2013 Budnik won 3rd prize in the [&hellip;]<\/p>\n","protected":false},"author":1,"featured_media":0,"parent":0,"menu_order":0,"comment_status":"closed","ping_status":"closed","template":"","meta":[],"_links":{"self":[{"href":"https:\/\/pilafestival.com\/english\/wp-json\/wp\/v2\/pages\/1005"}],"collection":[{"href":"https:\/\/pilafestival.com\/english\/wp-json\/wp\/v2\/pages"}],"about":[{"href":"https:\/\/pilafestival.com\/english\/wp-json\/wp\/v2\/types\/page"}],"author":[{"embeddable":true,"href":"https:\/\/pilafestival.com\/english\/wp-json\/wp\/v2\/users\/1"}],"replies":[{"embeddable":true,"href":"https:\/\/pilafestival.com\/english\/wp-json\/wp\/v2\/comments?post=1005"}],"version-history":[{"count":3,"href":"https:\/\/pilafestival.com\/english\/wp-json\/wp\/v2\/pages\/1005\/revisions"}],"predecessor-version":[{"id":1181,"href":"https:\/\/pilafestival.com\/english\/wp-json\/wp\/v2\/pages\/1005\/revisions\/1181"}],"wp:attachment":[{"href":"https:\/\/pilafestival.com\/english\/wp-json\/wp\/v2\/media?parent=1005"}],"curies":[{"name":"wp","href":"https:\/\/api.w.org\/{rel}","templated":true}]}}

<div id="dslc-main">
		<div  class="dslc-modules-section " style="" data-section-id="78f81fa3c00">
				
				
				<div class="dslc-modules-section-wrapper dslc-clearfix"><div class="dslc-modules-area dslc-col dslc-12-col dslc-last-col dslc-valign- " data-size="12" data-valign="">
		<div id="dslc-module-270e207bb22" class="dslc-module-front dslc-module-DSLC_Image dslc-in-viewport-check dslc-in-viewport-anim-none  dslc-col dslc-12-col dslc-last-col  dslc-module-handle-like-regular " data-module-id="270e207bb22" data-module="DSLC_Image" data-dslc-module-size="12" data-dslc-anim="none" data-dslc-anim-delay="" data-dslc-anim-duration="650"  data-dslc-anim-easing="ease" data-dslc-preset="none" >

			
			
				<div class="dslc-image-container">
		<div class="dslc-image">

			
				
									<img src="https://pilafestival.com/english/wp-content/uploads/sites/2/2019/03/Katarzyna-B-04.jpg" alt="" title="" srcset="https://pilafestival.com/english/wp-content/uploads/sites/2/2019/03/Katarzyna-B-04.jpg 461w, https://pilafestival.com/english/wp-content/uploads/sites/2/2019/03/Katarzyna-B-04-274x300.jpg 274w" sizes="(max-width: 461px) 100vw, 461px" />
				
									</div><!-- .dslc-image -->
		</div>
		
				</div><!-- .dslc-module -->
		</div></div></div>
		<div  class="dslc-modules-section " style="" data-section-id="78f81fa3c00">
				
				
				<div class="dslc-modules-section-wrapper dslc-clearfix"><div class="dslc-modules-area dslc-col dslc-12-col dslc-last-col dslc-valign- " data-size="12" data-valign="">
		<div id="dslc-module-12cbe35c0e5" class="dslc-module-front dslc-module-DSLC_TP_Title dslc-in-viewport-check dslc-in-viewport-anim-none  dslc-col dslc-12-col dslc-last-col  dslc-module-handle-like-regular " data-module-id="12cbe35c0e5" data-module="DSLC_TP_Title" data-dslc-module-size="12" data-dslc-anim="none" data-dslc-anim-delay="" data-dslc-anim-duration="650"  data-dslc-anim-easing="ease" data-dslc-preset="none" >

			
			
		
				<div class="dslc-tp-title"><h1>Katarzyna Budnik</h1></div>

			
				</div><!-- .dslc-module -->
		</div></div></div>
		<div  class="dslc-modules-section " style="padding-bottom:50px;padding-top:50px;" data-section-id="8d47fa99cf9">
				
				
				<div class="dslc-modules-section-wrapper dslc-clearfix"><div class="dslc-modules-area dslc-col dslc-12-col dslc-last-col dslc-valign- " data-size="12" data-valign="">
		<div id="dslc-module-5a3a8d125ea" class="dslc-module-front dslc-module-DSLC_Text_Simple dslc-in-viewport-check dslc-in-viewport-anim-none  dslc-col dslc-12-col dslc-last-col  dslc-module-handle-like-regular " data-module-id="5a3a8d125ea" data-module="DSLC_Text_Simple" data-dslc-module-size="12" data-dslc-anim="none" data-dslc-anim-delay="" data-dslc-anim-duration="650"  data-dslc-anim-easing="ease" data-dslc-preset="none" >

			
			
		
		<div class="dslc-text-module-content">
			<div class="maincontent"><div class="item-page"><p>Katarzyna Budnik graduated from the Fryderyk Chopin University of Music in Warsaw from the violin class of Professor Mirosław Ławrynowicz, Andrzej Gębski and Janusz Wawrowski, and from the viola class of Professor Piotr Reichert. She is currently employed at her alma mater as assistant lecturer.</p><p>In September 2013 Budnik won 3<sup>rd</sup> prize in the prestigious ARD competition in Munich. She was also successful in many competitions in Poland and abroad, including the 47<sup>th</sup> Ludwig van Beethoven competition in Hradec (2008, 1<sup>st</sup> prize), 15<sup>th</sup> Johannes Brahms International competition in Pörtschach (2008, 1<sup>st</sup> prize), 8<sup>th</sup> Jan Rakowski National Viola Competition (2008, 1<sup>st</sup> prize), the Max Rostal International competition in Berlin (2009, 2<sup>nd</sup> prize), Max Reger International Chamber Music Competition in Sondershausen (2009, 2<sup>nd</sup> prize and special prize for the best performance of Max Reger’s suite for viola solo) and the 4<sup>th</sup> Michał Spisak International Competition (2010, 2<sup>nd</sup> prize and special prize).</p><p class="split">She has performed many times as soloist and in chamber ensembles in Poland and in many countries in Europe. In 2010 she was involved in the Chamber Music Connects the World project, organised by the Kronberg Academy, where she performed with some of the greatest musicians in the world, including Gidon Kremer, Tatiana Grindenko, Yuri Bashmet and Frans Helmerson.</p><div class="last  column"><p>She has also performed at many renowned festivals, including the Music Festival in Łańcut, at the “Muzyka na Szczytach” [Music from the Mountaintops] International Chamber Music Festival in Zakopane and at the Kammermusikfest Lockenhaus (to which she was invited by Gidon Kremer).</p><p>Released in November 2013, her solo album (“Viola Recital”) was nominated for the Fryderyk 2014 award.</p><p>For her outstanding achievements Katarzyna Budnik received a scholarship from the Minister of Culture and National Heritage. She has also received a scholarship from the “Młoda Polska” [Young Poland] program. In 2013 she was nominated for “Polityka” magazine’s Passport award.<br><br>She has been the principal viola leader in the Sinfonia Varsovia Orchestra since 2014.</p></div></div></div>		</div>

		
				</div><!-- .dslc-module -->
		</div></div></div></div>

<p>Katarzyna Budnik Katarzyna Budnik graduated from the Fryderyk Chopin University of Music in Warsaw from the violin class of Professor Mirosław Ławrynowicz, Andrzej Gębski and Janusz Wawrowski, and from the viola class of Professor Piotr Reichert. She is currently employed at her alma mater as assistant lecturer.In September 2013 Budnik won 3rd prize in the [&hellip;]</p>
