{"id":2030,"date":"2023-04-13T21:03:02","date_gmt":"2023-04-13T19:03:02","guid":{"rendered":"https:\/\/pilafestival.com\/english\/?page_id=2030"},"modified":"2023-04-13T21:03:02","modified_gmt":"2023-04-13T19:03:02","slug":"jakub-jakowicz","status":"publish","type":"page","link":"https:\/\/pilafestival.com\/english\/jakub-jakowicz\/","title":{"rendered":"Jakub Jakowicz"},"content":{"rendered":"<div id=\"dslc-main\">\r\n\t\t<div  class=\"dslc-modules-section \" style=\"\" data-section-id=\"5b6a81f7940\">\r\n\t\t\t\t\r\n\t\t\t\t\r\n\t\t\t\t<div class=\"dslc-modules-section-wrapper dslc-clearfix\"><div class=\"dslc-modules-area dslc-col dslc-12-col dslc-last-col dslc-valign- \" data-size=\"12\" data-valign=\"\">\r\n\t\t<div id=\"dslc-module-f46d0ca2e94\" class=\"dslc-module-front dslc-module-DSLC_Image dslc-in-viewport-check dslc-in-viewport-anim-none  dslc-col dslc-12-col dslc-last-col  dslc-module-handle-like-regular \" data-module-id=\"f46d0ca2e94\" data-module=\"DSLC_Image\" data-dslc-module-size=\"12\" data-dslc-anim=\"none\" data-dslc-anim-delay=\"\" data-dslc-anim-duration=\"650\"  data-dslc-anim-easing=\"ease\" data-dslc-preset=\"none\" >\r\n\r\n\t\t\t\r\n\t\t\t\r\n\t\t\t\t<div class=\"dslc-image-container\">\r\n\t\t<div class=\"dslc-image\">\r\n\r\n\t\t\t\r\n\t\t\t\t\r\n\t\t\t\t\t\t\t\t\t<img src=\"https:\/\/pilafestival.com\/english\/wp-content\/uploads\/sites\/2\/2023\/04\/pl_fo_jakowicz_jakub_rajchert_3382140.jpg\" alt=\"\" title=\"\" srcset=\"https:\/\/pilafestival.com\/english\/wp-content\/uploads\/sites\/2\/2023\/04\/pl_fo_jakowicz_jakub_rajchert_3382140.jpg 260w, https:\/\/pilafestival.com\/english\/wp-content\/uploads\/sites\/2\/2023\/04\/pl_fo_jakowicz_jakub_rajchert_3382140-217x300.jpg 217w\" sizes=\"(max-width: 260px) 100vw, 260px\" \/>\r\n\t\t\t\t\r\n\t\t\t\t\t\t\t\t\t<\/div><!-- .dslc-image -->\r\n\t\t<\/div>\r\n\t\t\r\n\t\t\t\t<\/div><!-- .dslc-module -->\r\n\t\t<\/div><\/div><\/div>\r\n\t\t<div  class=\"dslc-modules-section \" style=\"\" data-section-id=\"e18e95bb85f\">\r\n\t\t\t\t\r\n\t\t\t\t\r\n\t\t\t\t<div class=\"dslc-modules-section-wrapper dslc-clearfix\"><div class=\"dslc-modules-area dslc-col dslc-12-col dslc-last-col dslc-valign- \" data-size=\"12\" data-valign=\"\">\r\n\t\t<div id=\"dslc-module-36c3b4d619a\" class=\"dslc-module-front dslc-module-DSLC_TP_Title dslc-in-viewport-check dslc-in-viewport-anim-none  dslc-col dslc-12-col dslc-last-col  dslc-module-handle-like-regular \" data-module-id=\"36c3b4d619a\" data-module=\"DSLC_TP_Title\" data-dslc-module-size=\"12\" data-dslc-anim=\"none\" data-dslc-anim-delay=\"\" data-dslc-anim-duration=\"650\"  data-dslc-anim-easing=\"ease\" data-dslc-preset=\"none\" >\r\n\r\n\t\t\t\r\n\t\t\t\r\n\t\t\r\n\t\t\t\t<div class=\"dslc-tp-title\"><h1>Jakub Jakowicz<\/h1><\/div>\r\n\r\n\t\t\t\r\n\t\t\t\t<\/div><!-- .dslc-module -->\r\n\t\t<\/div><\/div><\/div>\r\n\t\t<div  class=\"dslc-modules-section \" style=\"\" data-section-id=\"a5e2eb96399\">\r\n\t\t\t\t\r\n\t\t\t\t\r\n\t\t\t\t<div class=\"dslc-modules-section-wrapper dslc-clearfix\"><div class=\"dslc-modules-area dslc-col dslc-12-col dslc-last-col dslc-valign- \" data-size=\"12\" data-valign=\"\">\r\n\t\t<div id=\"dslc-module-7f605b51477\" class=\"dslc-module-front dslc-module-DSLC_Text_Simple dslc-in-viewport-check dslc-in-viewport-anim-none  dslc-col dslc-12-col dslc-last-col  dslc-module-handle-like-regular \" data-module-id=\"7f605b51477\" data-module=\"DSLC_Text_Simple\" data-dslc-module-size=\"12\" data-dslc-anim=\"none\" data-dslc-anim-delay=\"\" data-dslc-anim-duration=\"650\"  data-dslc-anim-easing=\"ease\" data-dslc-preset=\"none\" >\r\n\r\n\t\t\t\r\n\t\t\t\r\n\t\t\r\n\t\t<div class=\"dslc-text-module-content\">\r\n\t\t\t<p>Ceniony skrzypek, kameralista i pedagog zwi\u0105zany z Uniwersytetem Muzycznym Fryderyka Chopina w Warszawie.<\/p><p>Urodzi\u0142 si\u0119 10 czerwca 1981 roku w Warszawie. Gry na skrzypcach uczy\u0142 si\u0119 u swego ojca, Krzysztofa Jakowicza, pod kierunkiem kt\u00f3rego studiowa\u0142 w Akademii Muzycznej w Warszawie. By\u0142 r\u00f3wnie\u017c ostatnim uczniem Tadeusza Wro\u0144skiego.<\/p><p>Jest laureatem pierwszych nagr\u00f3d na konkursach skrzypcowych w Lublinie (1993), Wattrelos we Francji (1995) i Takasaki w Japonii (1999). W 2001 zosta\u0142 jednym z trzech zwyci\u0119zc\u00f3w (obok wiolonczelisty i puzonisty) Mi\u0119dzynarodowej Trybuny M\u0142odych Wykonawc\u00f3w w Bratys\u0142awie, organizowanej pod auspicjami Europejskiej Unii Radiowej i Mi\u0119dzynarodowej Rady Muzyki UNESCO. W 2002 otrzyma\u0142 nagrod\u0119 Fundacji polsko-japo\u0144skiej dla najlepiej zapowiadaj\u0105cego si\u0119 polskiego skrzypka m\u0142odej generacji. Jest tak\u017ce laureatem Paszportu \"Polityki\" za rok 2003. W 2007 zosta\u0142 uhonorowany nagrod\u0105 \"Orfeusz\" podczas Festiwalu \"Warszawska Jesie\u0144\".<\/p><p>Jakub Jakowicz koncertuje od 11. roku \u017cycia. Gra\u0142 ze wszystkimi czo\u0142owymi polskimi orkiestrami. Jego debiut w \"Koncercie skrzypcowym D-dur\" Piotra Czajkowskiego w 1994 z orkiestrami w Bydgoszczy, Krakowie i Szczecinie zaowocowa\u0142 kolejnymi zaproszeniami do wyst\u0119p\u00f3w z Sinfoni\u0105 Varsovi\u0105 i Narodow\u0105 Orkiestr\u0105 Symfoniczn\u0105 Polskiego Radia. W 1998, na zaproszenie Krzysztofa Pendereckiego, gra\u0142 na festiwalu imienia kompozytora w Krakowie, wykonuj\u0105c \"Capriccio per violino e orchestra\" pod batut\u0105 Jerzego Maksymiuka.<\/p><p>Koncertuje tak\u017ce za granic\u0105, m.in. w Japonii, Szwecji, Finlandii. W 2000 roku debiutowa\u0142 na Festiwalu Radio France odnosz\u0105c wielki sukces, kt\u00f3ry przyni\u00f3s\u0142 mu kolejne zaproszenie na koncerty z Orkiestr\u0105 Narodow\u0105 w Montpellier. W 2001 roku debiutowa\u0142 tak\u017ce w Hiszpanii z Orquestra Real de Sevilla, z Orquesta National de Espana oraz z Filharmonikami Monachijskimi pod dyrekcj\u0105 Pinchasa Steinberga, wykonuj\u0105c \"I Koncert skrzypcowy\" Karola Szymanowskiego. W nast\u0119pnych latach wyst\u0119powa\u0142 z najbardziej renomowanymi orkiestrami na \u015bwiecie, m.in. z Orchestre de la Suisse Romande, Dresdner Philharmoniker, Philharmonishes Orchester Dortmund, Orchestra di Santa Cecilia, Orquesta Nacional w Madrycie, Orchestra del Maggio Musicale we Florencji, Filharmoni\u0105 Czesk\u0105 w Pradze, Royal Stockholm Philharmonic, Orquestra Sinf\u00f4nica do Estado de S\u00e3o Paulo, Concerto K\u00f6ln, Orquesta Sinfonica Valencia i orkiestr\u0105 Sinfonia Varsovia. W latach 2009 oraz 2011 na zaproszenie Antoniego Wita artysta bra\u0142 udzia\u0142 jako solista w tourn\u00e9es koncertowych Orkiestry Filharmonii Narodowej w Wielkiej Brytanii.<\/p><p>Wsp\u00f3\u0142pracowa\u0142 z takimi dyrygentami, jak Michail Jurowski, Yan Pascal Tortellier, Walter Weller, Heinz Walenberg, Kirill Karabits, Rafael Fr\u00fchbeck de Burgos, Agnieszka Duczmal, Jan Krenz, Krzysztof Penderecki, Marek Pijarowski, Wojciech Rajski, Antoni Wit, Tadeusz Struga\u0142a, Tomasz Bugaj, Czes\u0142aw Grabowski, Wojciech Michniewski, Marcin Na\u0142\u0119cz-Niesio\u0142owski, Miros\u0142aw Jacek B\u0142aszczyk, Jerzy Semkow, Jacek Kaspszyk.<\/p><p>Jako kameralista Jakub Jakowicz od lat tworzy skrzypcowy duet z ojcem, Krzysztofem Jakowiczem. Od 2000 roku gra z pianist\u0105 Bartoszem Bednarczykiem \u2013 wsp\u00f3lnie nagrali p\u0142yty \"Subito\" (Polskie Radio), \"Beethoven Violin Sonatas\" (Subito Records), oraz album z \"Partit\u0105\" Witolda Lutos\u0142awskiego (CD Accord). Artysta wyst\u0119powa\u0142 ponadto z takimi muzykami jak Heinz Holliger, Paul Gulda, Jan Krzysztof Broja, Michel Lethiec, Anna Maria Sta\u015bkiewicz, Ruth Kilius, Katarzyna Budnik-Ga\u0142\u0105zka, Avri Levitan, Ursula Smith, Daniel M\u00f6ller-Schott, Andrzej Bauer, Rafa\u0142 Kwiatkowski, Marcin Zdunik, Karol Marianowski oraz Zvi Plessev.<\/p><p>Od 2006 roku muzyk jest cz\u0142onkiem Zehetmair Quartett, zespo\u0142u stworzonego przez austriackiego skrzypka i dyrygenta Thomasa Zehetmaira. Kwartet ten przygotowuje zwykle jeden program koncertowy rocznie, wi\u0119kszo\u015b\u0107 utwor\u00f3w wykonuj\u0105c z pami\u0119ci. P\u0142yta zespo\u0142u (ECM) z utworami B\u00e9li Bart\u00f3ka i Paula Hindemitha otrzyma\u0142a nagrod\u0119 Diapason d\u2019Or de l\u2019Anne\u00e9 2007. Jakub Jakowicz w Zehetmair Quartett wyst\u0119powa\u0142 m.in. w Filharmonii Berli\u0144skiej, Wigmore Hall w Londynie, Santory Hall w Tokio, Gulbenkian Center w Lizbonie, Konzerthaus w Wiedniu, Zankel Hall w Nowym Jorku, a tak\u017ce na s\u0142ynnych festiwalach muzycznych. W 2014 roku zesp\u00f3\u0142 otrzyma\u0142 presti\u017cow\u0105 Nagrod\u0119 im. Paula Hindemitha Miasta Hanau.<\/p><p>Artysta uzyska\u0142 tytu\u0142 doktora sztuk muzycznych, od 2004 roku prowadzi klas\u0119 skrzypiec na Uniwersytecie Muzycznym Fryderyka Chopina w Warszawie. Gra na instrumencie Nicolasa Froncois Vuillaume\u2019a dzi\u0119ki uprzejmo\u015bci Alejandro Abada z Walencji.<\/p>\t\t<\/div>\r\n\r\n\t\t\r\n\t\t\t\t<\/div><!-- .dslc-module -->\r\n\t\t<\/div><\/div><\/div><\/div>","protected":false},"excerpt":{"rendered":"<p>Jakub Jakowicz Ceniony skrzypek, kameralista i pedagog zwi\u0105zany z Uniwersytetem Muzycznym Fryderyka Chopina w Warszawie.Urodzi\u0142 si\u0119 10 czerwca 1981 roku w Warszawie. Gry na skrzypcach uczy\u0142 si\u0119 u swego ojca, Krzysztofa Jakowicza, pod kierunkiem kt\u00f3rego studiowa\u0142 w Akademii Muzycznej w Warszawie. By\u0142 r\u00f3wnie\u017c ostatnim uczniem Tadeusza Wro\u0144skiego.Jest laureatem pierwszych nagr\u00f3d na konkursach skrzypcowych w Lublinie [&hellip;]<\/p>\n","protected":false},"author":1,"featured_media":0,"parent":0,"menu_order":0,"comment_status":"closed","ping_status":"closed","template":"","meta":[],"_links":{"self":[{"href":"https:\/\/pilafestival.com\/english\/wp-json\/wp\/v2\/pages\/2030"}],"collection":[{"href":"https:\/\/pilafestival.com\/english\/wp-json\/wp\/v2\/pages"}],"about":[{"href":"https:\/\/pilafestival.com\/english\/wp-json\/wp\/v2\/types\/page"}],"author":[{"embeddable":true,"href":"https:\/\/pilafestival.com\/english\/wp-json\/wp\/v2\/users\/1"}],"replies":[{"embeddable":true,"href":"https:\/\/pilafestival.com\/english\/wp-json\/wp\/v2\/comments?post=2030"}],"version-history":[{"count":1,"href":"https:\/\/pilafestival.com\/english\/wp-json\/wp\/v2\/pages\/2030\/revisions"}],"predecessor-version":[{"id":2031,"href":"https:\/\/pilafestival.com\/english\/wp-json\/wp\/v2\/pages\/2030\/revisions\/2031"}],"wp:attachment":[{"href":"https:\/\/pilafestival.com\/english\/wp-json\/wp\/v2\/media?parent=2030"}],"curies":[{"name":"wp","href":"https:\/\/api.w.org\/{rel}","templated":true}]}}

<div id="dslc-main">
		<div  class="dslc-modules-section " style="" data-section-id="5b6a81f7940">
				
				
				<div class="dslc-modules-section-wrapper dslc-clearfix"><div class="dslc-modules-area dslc-col dslc-12-col dslc-last-col dslc-valign- " data-size="12" data-valign="">
		<div id="dslc-module-f46d0ca2e94" class="dslc-module-front dslc-module-DSLC_Image dslc-in-viewport-check dslc-in-viewport-anim-none  dslc-col dslc-12-col dslc-last-col  dslc-module-handle-like-regular " data-module-id="f46d0ca2e94" data-module="DSLC_Image" data-dslc-module-size="12" data-dslc-anim="none" data-dslc-anim-delay="" data-dslc-anim-duration="650"  data-dslc-anim-easing="ease" data-dslc-preset="none" >

			
			
				<div class="dslc-image-container">
		<div class="dslc-image">

			
				
									<img src="https://pilafestival.com/english/wp-content/uploads/sites/2/2023/04/pl_fo_jakowicz_jakub_rajchert_3382140.jpg" alt="" title="" srcset="https://pilafestival.com/english/wp-content/uploads/sites/2/2023/04/pl_fo_jakowicz_jakub_rajchert_3382140.jpg 260w, https://pilafestival.com/english/wp-content/uploads/sites/2/2023/04/pl_fo_jakowicz_jakub_rajchert_3382140-217x300.jpg 217w" sizes="(max-width: 260px) 100vw, 260px" />
				
									</div><!-- .dslc-image -->
		</div>
		
				</div><!-- .dslc-module -->
		</div></div></div>
		<div  class="dslc-modules-section " style="" data-section-id="e18e95bb85f">
				
				
				<div class="dslc-modules-section-wrapper dslc-clearfix"><div class="dslc-modules-area dslc-col dslc-12-col dslc-last-col dslc-valign- " data-size="12" data-valign="">
		<div id="dslc-module-36c3b4d619a" class="dslc-module-front dslc-module-DSLC_TP_Title dslc-in-viewport-check dslc-in-viewport-anim-none  dslc-col dslc-12-col dslc-last-col  dslc-module-handle-like-regular " data-module-id="36c3b4d619a" data-module="DSLC_TP_Title" data-dslc-module-size="12" data-dslc-anim="none" data-dslc-anim-delay="" data-dslc-anim-duration="650"  data-dslc-anim-easing="ease" data-dslc-preset="none" >

			
			
		
				<div class="dslc-tp-title"><h1>Jakub Jakowicz</h1></div>

			
				</div><!-- .dslc-module -->
		</div></div></div>
		<div  class="dslc-modules-section " style="" data-section-id="a5e2eb96399">
				
				
				<div class="dslc-modules-section-wrapper dslc-clearfix"><div class="dslc-modules-area dslc-col dslc-12-col dslc-last-col dslc-valign- " data-size="12" data-valign="">
		<div id="dslc-module-7f605b51477" class="dslc-module-front dslc-module-DSLC_Text_Simple dslc-in-viewport-check dslc-in-viewport-anim-none  dslc-col dslc-12-col dslc-last-col  dslc-module-handle-like-regular " data-module-id="7f605b51477" data-module="DSLC_Text_Simple" data-dslc-module-size="12" data-dslc-anim="none" data-dslc-anim-delay="" data-dslc-anim-duration="650"  data-dslc-anim-easing="ease" data-dslc-preset="none" >

			
			
		
		<div class="dslc-text-module-content">
			<p>Ceniony skrzypek, kameralista i pedagog związany z Uniwersytetem Muzycznym Fryderyka Chopina w Warszawie.</p><p>Urodził się 10 czerwca 1981 roku w Warszawie. Gry na skrzypcach uczył się u swego ojca, Krzysztofa Jakowicza, pod kierunkiem którego studiował w Akademii Muzycznej w Warszawie. Był również ostatnim uczniem Tadeusza Wrońskiego.</p><p>Jest laureatem pierwszych nagród na konkursach skrzypcowych w Lublinie (1993), Wattrelos we Francji (1995) i Takasaki w Japonii (1999). W 2001 został jednym z trzech zwycięzców (obok wiolonczelisty i puzonisty) Międzynarodowej Trybuny Młodych Wykonawców w Bratysławie, organizowanej pod auspicjami Europejskiej Unii Radiowej i Międzynarodowej Rady Muzyki UNESCO. W 2002 otrzymał nagrodę Fundacji polsko-japońskiej dla najlepiej zapowiadającego się polskiego skrzypka młodej generacji. Jest także laureatem Paszportu "Polityki" za rok 2003. W 2007 został uhonorowany nagrodą "Orfeusz" podczas Festiwalu "Warszawska Jesień".</p><p>Jakub Jakowicz koncertuje od 11. roku życia. Grał ze wszystkimi czołowymi polskimi orkiestrami. Jego debiut w "Koncercie skrzypcowym D-dur" Piotra Czajkowskiego w 1994 z orkiestrami w Bydgoszczy, Krakowie i Szczecinie zaowocował kolejnymi zaproszeniami do występów z Sinfonią Varsovią i Narodową Orkiestrą Symfoniczną Polskiego Radia. W 1998, na zaproszenie Krzysztofa Pendereckiego, grał na festiwalu imienia kompozytora w Krakowie, wykonując "Capriccio per violino e orchestra" pod batutą Jerzego Maksymiuka.</p><p>Koncertuje także za granicą, m.in. w Japonii, Szwecji, Finlandii. W 2000 roku debiutował na Festiwalu Radio France odnosząc wielki sukces, który przyniósł mu kolejne zaproszenie na koncerty z Orkiestrą Narodową w Montpellier. W 2001 roku debiutował także w Hiszpanii z Orquestra Real de Sevilla, z Orquesta National de Espana oraz z Filharmonikami Monachijskimi pod dyrekcją Pinchasa Steinberga, wykonując "I Koncert skrzypcowy" Karola Szymanowskiego. W następnych latach występował z najbardziej renomowanymi orkiestrami na świecie, m.in. z Orchestre de la Suisse Romande, Dresdner Philharmoniker, Philharmonishes Orchester Dortmund, Orchestra di Santa Cecilia, Orquesta Nacional w Madrycie, Orchestra del Maggio Musicale we Florencji, Filharmonią Czeską w Pradze, Royal Stockholm Philharmonic, Orquestra Sinfônica do Estado de São Paulo, Concerto Köln, Orquesta Sinfonica Valencia i orkiestrą Sinfonia Varsovia. W latach 2009 oraz 2011 na zaproszenie Antoniego Wita artysta brał udział jako solista w tournées koncertowych Orkiestry Filharmonii Narodowej w Wielkiej Brytanii.</p><p>Współpracował z takimi dyrygentami, jak Michail Jurowski, Yan Pascal Tortellier, Walter Weller, Heinz Walenberg, Kirill Karabits, Rafael Frühbeck de Burgos, Agnieszka Duczmal, Jan Krenz, Krzysztof Penderecki, Marek Pijarowski, Wojciech Rajski, Antoni Wit, Tadeusz Strugała, Tomasz Bugaj, Czesław Grabowski, Wojciech Michniewski, Marcin Nałęcz-Niesiołowski, Mirosław Jacek Błaszczyk, Jerzy Semkow, Jacek Kaspszyk.</p><p>Jako kameralista Jakub Jakowicz od lat tworzy skrzypcowy duet z ojcem, Krzysztofem Jakowiczem. Od 2000 roku gra z pianistą Bartoszem Bednarczykiem – wspólnie nagrali płyty "Subito" (Polskie Radio), "Beethoven Violin Sonatas" (Subito Records), oraz album z "Partitą" Witolda Lutosławskiego (CD Accord). Artysta występował ponadto z takimi muzykami jak Heinz Holliger, Paul Gulda, Jan Krzysztof Broja, Michel Lethiec, Anna Maria Staśkiewicz, Ruth Kilius, Katarzyna Budnik-Gałązka, Avri Levitan, Ursula Smith, Daniel Möller-Schott, Andrzej Bauer, Rafał Kwiatkowski, Marcin Zdunik, Karol Marianowski oraz Zvi Plessev.</p><p>Od 2006 roku muzyk jest członkiem Zehetmair Quartett, zespołu stworzonego przez austriackiego skrzypka i dyrygenta Thomasa Zehetmaira. Kwartet ten przygotowuje zwykle jeden program koncertowy rocznie, większość utworów wykonując z pamięci. Płyta zespołu (ECM) z utworami Béli Bartóka i Paula Hindemitha otrzymała nagrodę Diapason d’Or de l’Anneé 2007. Jakub Jakowicz w Zehetmair Quartett występował m.in. w Filharmonii Berlińskiej, Wigmore Hall w Londynie, Santory Hall w Tokio, Gulbenkian Center w Lizbonie, Konzerthaus w Wiedniu, Zankel Hall w Nowym Jorku, a także na słynnych festiwalach muzycznych. W 2014 roku zespół otrzymał prestiżową Nagrodę im. Paula Hindemitha Miasta Hanau.</p><p>Artysta uzyskał tytuł doktora sztuk muzycznych, od 2004 roku prowadzi klasę skrzypiec na Uniwersytecie Muzycznym Fryderyka Chopina w Warszawie. Gra na instrumencie Nicolasa Froncois Vuillaume’a dzięki uprzejmości Alejandro Abada z Walencji.</p>		</div>

		
				</div><!-- .dslc-module -->
		</div></div></div></div>

<p>Jakub Jakowicz Ceniony skrzypek, kameralista i pedagog związany z Uniwersytetem Muzycznym Fryderyka Chopina w Warszawie.Urodził się 10 czerwca 1981 roku w Warszawie. Gry na skrzypcach uczył się u swego ojca, Krzysztofa Jakowicza, pod kierunkiem którego studiował w Akademii Muzycznej w Warszawie. Był również ostatnim uczniem Tadeusza Wrońskiego.Jest laureatem pierwszych nagród na konkursach skrzypcowych w Lublinie [&hellip;]</p>
