{"id":2080,"date":"2023-04-13T21:27:16","date_gmt":"2023-04-13T19:27:16","guid":{"rendered":"https:\/\/pilafestival.com\/english\/?page_id=2080"},"modified":"2023-04-14T08:08:07","modified_gmt":"2023-04-14T06:08:07","slug":"sebastian-ignacy-czaja","status":"publish","type":"page","link":"https:\/\/pilafestival.com\/english\/sebastian-ignacy-czaja\/","title":{"rendered":"Sebastian Ignacy Czaja"},"content":{"rendered":"<div id=\"dslc-main\">\r\n\t\t<div  class=\"dslc-modules-section \" style=\"\" data-section-id=\"2c7b2768c72\">\r\n\t\t\t\t\r\n\t\t\t\t\r\n\t\t\t\t<div class=\"dslc-modules-section-wrapper dslc-clearfix\"><div class=\"dslc-modules-area dslc-col dslc-12-col dslc-last-col dslc-valign- \" data-size=\"12\" data-valign=\"\">\r\n\t\t<div id=\"dslc-module-cf6a71ddb65\" class=\"dslc-module-front dslc-module-DSLC_Image dslc-in-viewport-check dslc-in-viewport-anim-none  dslc-col dslc-12-col dslc-last-col  dslc-module-handle-like-regular \" data-module-id=\"cf6a71ddb65\" data-module=\"DSLC_Image\" data-dslc-module-size=\"12\" data-dslc-anim=\"none\" data-dslc-anim-delay=\"\" data-dslc-anim-duration=\"650\"  data-dslc-anim-easing=\"ease\" data-dslc-preset=\"none\" >\r\n\r\n\t\t\t\r\n\t\t\t\r\n\t\t\t\t<div class=\"dslc-image-container\">\r\n\t\t<div class=\"dslc-image\">\r\n\r\n\t\t\t\r\n\t\t\t\t\r\n\t\t\t\t\t\t\t\t\t<img src=\"https:\/\/pilafestival.com\/english\/wp-content\/uploads\/sites\/2\/2023\/04\/czaja.jpg\" alt=\"\" title=\"\" srcset=\"https:\/\/pilafestival.com\/english\/wp-content\/uploads\/sites\/2\/2023\/04\/czaja.jpg 1180w, https:\/\/pilafestival.com\/english\/wp-content\/uploads\/sites\/2\/2023\/04\/czaja-300x213.jpg 300w, https:\/\/pilafestival.com\/english\/wp-content\/uploads\/sites\/2\/2023\/04\/czaja-1024x728.jpg 1024w, https:\/\/pilafestival.com\/english\/wp-content\/uploads\/sites\/2\/2023\/04\/czaja-768x546.jpg 768w\" sizes=\"(max-width: 1180px) 100vw, 1180px\" \/>\r\n\t\t\t\t\r\n\t\t\t\t\t\t\t\t\t<\/div><!-- .dslc-image -->\r\n\t\t<\/div>\r\n\t\t\r\n\t\t\t\t<\/div><!-- .dslc-module -->\r\n\t\t<\/div><\/div><\/div>\r\n\t\t<div  class=\"dslc-modules-section \" style=\"\" data-section-id=\"a09fb5a3153\">\r\n\t\t\t\t\r\n\t\t\t\t\r\n\t\t\t\t<div class=\"dslc-modules-section-wrapper dslc-clearfix\"><div class=\"dslc-modules-area dslc-col dslc-12-col dslc-last-col dslc-valign- \" data-size=\"12\" data-valign=\"\">\r\n\t\t<div id=\"dslc-module-563314da618\" class=\"dslc-module-front dslc-module-DSLC_TP_Title dslc-in-viewport-check dslc-in-viewport-anim-none  dslc-col dslc-12-col dslc-last-col  dslc-module-handle-like-regular \" data-module-id=\"563314da618\" data-module=\"DSLC_TP_Title\" data-dslc-module-size=\"12\" data-dslc-anim=\"none\" data-dslc-anim-delay=\"\" data-dslc-anim-duration=\"650\"  data-dslc-anim-easing=\"ease\" data-dslc-preset=\"none\" >\r\n\r\n\t\t\t\r\n\t\t\t\r\n\t\t\r\n\t\t\t\t<div class=\"dslc-tp-title\"><h1>Sebastian Ignacy Czaja<\/h1><\/div>\r\n\r\n\t\t\t\r\n\t\t\t\t<\/div><!-- .dslc-module -->\r\n\t\t<\/div><\/div><\/div>\r\n\t\t<div  class=\"dslc-modules-section \" style=\"\" data-section-id=\"72758753091\">\r\n\t\t\t\t\r\n\t\t\t\t\r\n\t\t\t\t<div class=\"dslc-modules-section-wrapper dslc-clearfix\"><div class=\"dslc-modules-area dslc-col dslc-12-col dslc-last-col dslc-valign- \" data-size=\"12\" data-valign=\"\">\r\n\t\t<div id=\"dslc-module-10979f62a7b\" class=\"dslc-module-front dslc-module-DSLC_Text_Simple dslc-in-viewport-check dslc-in-viewport-anim-none  dslc-col dslc-12-col dslc-last-col  dslc-module-handle-like-regular \" data-module-id=\"10979f62a7b\" data-module=\"DSLC_Text_Simple\" data-dslc-module-size=\"12\" data-dslc-anim=\"none\" data-dslc-anim-delay=\"\" data-dslc-anim-duration=\"650\"  data-dslc-anim-easing=\"ease\" data-dslc-preset=\"none\" >\r\n\r\n\t\t\t\r\n\t\t\t\r\n\t\t\r\n\t\t<div class=\"dslc-text-module-content\">\r\n\t\t\t<p>Sebastian Czaja jest jednym z najciekawszych polskich skrzypk\u00f3w m\u0142odego pokolenia, kt\u00f3ry koncertuje jako solista oraz kameralista w najwaz\u0307niejszych salach i arenach koncertowych w kraju i za granica\u0328 (m.in. w Niemczech, Szwajcarii, W\u0142oszech, Czechach, Litwie, Chinach).<\/p><p>Nauke\u0328 gry na skrzypcach rozpocza\u0328\u0142 w wieku siedmiu lat. W 2011 roku ukon\u0301czy\u0142 z wyr\u00f3z\u0307nieniem poznan\u0301ska\u0328 \u201eSzko\u0142e\u0328 Talent\u00f3w\" w klasie profesor Jadwigi Kaliszewskiej oraz profesora Bartosza Bry\u0142y, zas\u0301 w 2016 roku - r\u00f3wniez\u0307 z wyr\u00f3z\u0307nieniem ukon\u0301czy\u0142 studia magisterskie w Hochschule der K\u00fcnste Bern, w klasie profesora Bart\u0142omieja Nizio\u0142a. W 2009 roku by\u0142 ostatnim uczniem legendarnego pedagoga i wirtuoza skrzypiec, Antonio Lysy\u2019ego. Swoja\u0328 edukacje\u0328 uzupe\u0142ni\u0142 ukon\u0301czeniem podyplomowych studi\u00f3w \u201eMenadz\u0307er Muzyki\" na Uniwersytecie Muzycznym im. F. Chopina w Warszawie.<\/p><p>Sebastian Czaja jest laureatem licznych nagr\u00f3d indywidualnych, przyznanych w uznaniu za odniesione sukcesy artystyczne oraz wk\u0142ad w rozw\u00f3j kultury. W 2009 roku zosta\u0142 obj\u0119\u0328ty programem stypendialnym Ministra Kultury i Dziedzictwa Narodowego \u201eM\u0142oda Polska\".<\/p><p>Wsp\u00f3\u0142pracowa\u0142 z takimi artystami jak: Jeremy Menuhin, \u0141ukasz Borowicz, Kai Bumann, Paul Esswood, Marcin Zdunik, Bart\u0142omiej Nizio\u0142, Danjulo Ishizaka, Alexander Sitkovetsky, Jan Stanienda, Krzesimir D\u0119bski, Andrzej Jagodzi\u0144ski, W\u0142odzimierz Nahorny czy Sanah. Od 2011 roku regularnie wsp\u00f3\u0142pracuje z wirtuozem gitary Januszem Stroblem.<\/p><p>W sezonie 2018\/2019 pe\u0142ni\u0142 funkcje\u0328 gos\u0301cinnego koncertmistrza Orkiestry Kameralnej Filharmonii Pomorskiej - Capella Bydgostiensis.<\/p><p>Sebastian Czaja jest za\u0142oz\u0307ycielem i Dyrektorem orkiestry Polish Soloists oraz prymariuszem jej zespo\u0142\u00f3w kameralnych. Od 2021 roku jest Prezesem Zarza\u0328du Fundacji Polskich Solist\u00f3w.<\/p>\t\t<\/div>\r\n\r\n\t\t\r\n\t\t\t\t<\/div><!-- .dslc-module -->\r\n\t\t<\/div><\/div><\/div><\/div>","protected":false},"excerpt":{"rendered":"<p>Sebastian Ignacy Czaja Sebastian Czaja jest jednym z najciekawszych polskich skrzypk\u00f3w m\u0142odego pokolenia, kt\u00f3ry koncertuje jako solista oraz kameralista w najwaz\u0307niejszych salach i arenach koncertowych w kraju i za granica\u0328 (m.in. w Niemczech, Szwajcarii, W\u0142oszech, Czechach, Litwie, Chinach).Nauke\u0328 gry na skrzypcach rozpocza\u0328\u0142 w wieku siedmiu lat. W 2011 roku ukon\u0301czy\u0142 z wyr\u00f3z\u0307nieniem poznan\u0301ska\u0328 \u201eSzko\u0142e\u0328 Talent\u00f3w&#8221; [&hellip;]<\/p>\n","protected":false},"author":1,"featured_media":0,"parent":0,"menu_order":0,"comment_status":"closed","ping_status":"closed","template":"","meta":[],"_links":{"self":[{"href":"https:\/\/pilafestival.com\/english\/wp-json\/wp\/v2\/pages\/2080"}],"collection":[{"href":"https:\/\/pilafestival.com\/english\/wp-json\/wp\/v2\/pages"}],"about":[{"href":"https:\/\/pilafestival.com\/english\/wp-json\/wp\/v2\/types\/page"}],"author":[{"embeddable":true,"href":"https:\/\/pilafestival.com\/english\/wp-json\/wp\/v2\/users\/1"}],"replies":[{"embeddable":true,"href":"https:\/\/pilafestival.com\/english\/wp-json\/wp\/v2\/comments?post=2080"}],"version-history":[{"count":3,"href":"https:\/\/pilafestival.com\/english\/wp-json\/wp\/v2\/pages\/2080\/revisions"}],"predecessor-version":[{"id":2085,"href":"https:\/\/pilafestival.com\/english\/wp-json\/wp\/v2\/pages\/2080\/revisions\/2085"}],"wp:attachment":[{"href":"https:\/\/pilafestival.com\/english\/wp-json\/wp\/v2\/media?parent=2080"}],"curies":[{"name":"wp","href":"https:\/\/api.w.org\/{rel}","templated":true}]}}

<div id="dslc-main">
		<div  class="dslc-modules-section " style="" data-section-id="2c7b2768c72">
				
				
				<div class="dslc-modules-section-wrapper dslc-clearfix"><div class="dslc-modules-area dslc-col dslc-12-col dslc-last-col dslc-valign- " data-size="12" data-valign="">
		<div id="dslc-module-cf6a71ddb65" class="dslc-module-front dslc-module-DSLC_Image dslc-in-viewport-check dslc-in-viewport-anim-none  dslc-col dslc-12-col dslc-last-col  dslc-module-handle-like-regular " data-module-id="cf6a71ddb65" data-module="DSLC_Image" data-dslc-module-size="12" data-dslc-anim="none" data-dslc-anim-delay="" data-dslc-anim-duration="650"  data-dslc-anim-easing="ease" data-dslc-preset="none" >

			
			
				<div class="dslc-image-container">
		<div class="dslc-image">

			
				
									<img src="https://pilafestival.com/english/wp-content/uploads/sites/2/2023/04/czaja.jpg" alt="" title="" srcset="https://pilafestival.com/english/wp-content/uploads/sites/2/2023/04/czaja.jpg 1180w, https://pilafestival.com/english/wp-content/uploads/sites/2/2023/04/czaja-300x213.jpg 300w, https://pilafestival.com/english/wp-content/uploads/sites/2/2023/04/czaja-1024x728.jpg 1024w, https://pilafestival.com/english/wp-content/uploads/sites/2/2023/04/czaja-768x546.jpg 768w" sizes="(max-width: 1180px) 100vw, 1180px" />
				
									</div><!-- .dslc-image -->
		</div>
		
				</div><!-- .dslc-module -->
		</div></div></div>
		<div  class="dslc-modules-section " style="" data-section-id="a09fb5a3153">
				
				
				<div class="dslc-modules-section-wrapper dslc-clearfix"><div class="dslc-modules-area dslc-col dslc-12-col dslc-last-col dslc-valign- " data-size="12" data-valign="">
		<div id="dslc-module-563314da618" class="dslc-module-front dslc-module-DSLC_TP_Title dslc-in-viewport-check dslc-in-viewport-anim-none  dslc-col dslc-12-col dslc-last-col  dslc-module-handle-like-regular " data-module-id="563314da618" data-module="DSLC_TP_Title" data-dslc-module-size="12" data-dslc-anim="none" data-dslc-anim-delay="" data-dslc-anim-duration="650"  data-dslc-anim-easing="ease" data-dslc-preset="none" >

			
			
		
				<div class="dslc-tp-title"><h1>Sebastian Ignacy Czaja</h1></div>

			
				</div><!-- .dslc-module -->
		</div></div></div>
		<div  class="dslc-modules-section " style="" data-section-id="72758753091">
				
				
				<div class="dslc-modules-section-wrapper dslc-clearfix"><div class="dslc-modules-area dslc-col dslc-12-col dslc-last-col dslc-valign- " data-size="12" data-valign="">
		<div id="dslc-module-10979f62a7b" class="dslc-module-front dslc-module-DSLC_Text_Simple dslc-in-viewport-check dslc-in-viewport-anim-none  dslc-col dslc-12-col dslc-last-col  dslc-module-handle-like-regular " data-module-id="10979f62a7b" data-module="DSLC_Text_Simple" data-dslc-module-size="12" data-dslc-anim="none" data-dslc-anim-delay="" data-dslc-anim-duration="650"  data-dslc-anim-easing="ease" data-dslc-preset="none" >

			
			
		
		<div class="dslc-text-module-content">
			<p>Sebastian Czaja jest jednym z najciekawszych polskich skrzypków młodego pokolenia, który koncertuje jako solista oraz kameralista w najważniejszych salach i arenach koncertowych w kraju i za granicą (m.in. w Niemczech, Szwajcarii, Włoszech, Czechach, Litwie, Chinach).</p><p>Naukę gry na skrzypcach rozpoczął w wieku siedmiu lat. W 2011 roku ukończył z wyróżnieniem poznańską „Szkołę Talentów" w klasie profesor Jadwigi Kaliszewskiej oraz profesora Bartosza Bryły, zaś w 2016 roku - również z wyróżnieniem ukończył studia magisterskie w Hochschule der Künste Bern, w klasie profesora Bartłomieja Nizioła. W 2009 roku był ostatnim uczniem legendarnego pedagoga i wirtuoza skrzypiec, Antonio Lysy’ego. Swoją edukację uzupełnił ukończeniem podyplomowych studiów „Menadżer Muzyki" na Uniwersytecie Muzycznym im. F. Chopina w Warszawie.</p><p>Sebastian Czaja jest laureatem licznych nagród indywidualnych, przyznanych w uznaniu za odniesione sukcesy artystyczne oraz wkład w rozwój kultury. W 2009 roku został obję̨ty programem stypendialnym Ministra Kultury i Dziedzictwa Narodowego „Młoda Polska".</p><p>Współpracował z takimi artystami jak: Jeremy Menuhin, Łukasz Borowicz, Kai Bumann, Paul Esswood, Marcin Zdunik, Bartłomiej Nizioł, Danjulo Ishizaka, Alexander Sitkovetsky, Jan Stanienda, Krzesimir Dębski, Andrzej Jagodziński, Włodzimierz Nahorny czy Sanah. Od 2011 roku regularnie współpracuje z wirtuozem gitary Januszem Stroblem.</p><p>W sezonie 2018/2019 pełnił funkcję gościnnego koncertmistrza Orkiestry Kameralnej Filharmonii Pomorskiej - Capella Bydgostiensis.</p><p>Sebastian Czaja jest założycielem i Dyrektorem orkiestry Polish Soloists oraz prymariuszem jej zespołów kameralnych. Od 2021 roku jest Prezesem Zarządu Fundacji Polskich Solistów.</p>		</div>

		
				</div><!-- .dslc-module -->
		</div></div></div></div>

<p>Sebastian Ignacy Czaja Sebastian Czaja jest jednym z najciekawszych polskich skrzypków młodego pokolenia, który koncertuje jako solista oraz kameralista w najważniejszych salach i arenach koncertowych w kraju i za granicą (m.in. w Niemczech, Szwajcarii, Włoszech, Czechach, Litwie, Chinach).Naukę gry na skrzypcach rozpoczął w wieku siedmiu lat. W 2011 roku ukończył z wyróżnieniem poznańską „Szkołę Talentów&#8221; [&hellip;]</p>
