{"id":2094,"date":"2023-06-04T22:07:37","date_gmt":"2023-06-04T20:07:37","guid":{"rendered":"https:\/\/pilafestival.com\/english\/?page_id=2094"},"modified":"2023-06-04T22:07:37","modified_gmt":"2023-06-04T20:07:37","slug":"radoslaw-kurek","status":"publish","type":"page","link":"https:\/\/pilafestival.com\/english\/radoslaw-kurek\/","title":{"rendered":"Rados\u0142aw Kurek"},"content":{"rendered":"<div id=\"dslc-main\">\r\n\t\t<div  class=\"dslc-modules-section \" style=\"\" data-section-id=\"7c594234c9f\">\r\n\t\t\t\t\r\n\t\t\t\t\r\n\t\t\t\t<div class=\"dslc-modules-section-wrapper dslc-clearfix\"><div class=\"dslc-modules-area dslc-col dslc-12-col dslc-last-col dslc-valign- \" data-size=\"12\" data-valign=\"\">\r\n\t\t<div id=\"dslc-module-7f115afb004\" class=\"dslc-module-front dslc-module-DSLC_Image dslc-in-viewport-check dslc-in-viewport-anim-none  dslc-col dslc-12-col dslc-last-col  dslc-module-handle-like-regular \" data-module-id=\"7f115afb004\" data-module=\"DSLC_Image\" data-dslc-module-size=\"12\" data-dslc-anim=\"none\" data-dslc-anim-delay=\"\" data-dslc-anim-duration=\"650\"  data-dslc-anim-easing=\"ease\" data-dslc-preset=\"none\" >\r\n\r\n\t\t\t\r\n\t\t\t\r\n\t\t\t\t<div class=\"dslc-image-container\">\r\n\t\t<div class=\"dslc-image\">\r\n\r\n\t\t\t\r\n\t\t\t\t\r\n\t\t\t\t\t\t\t\t\t<img src=\"https:\/\/pilafestival.com\/english\/wp-content\/uploads\/sites\/2\/2023\/06\/Radoslaw-Kurek-2-fot.-Natalia-Mierzewska-1-scaled.jpg\" alt=\"\" title=\"\" srcset=\"https:\/\/pilafestival.com\/english\/wp-content\/uploads\/sites\/2\/2023\/06\/Radoslaw-Kurek-2-fot.-Natalia-Mierzewska-1-scaled.jpg 2560w, https:\/\/pilafestival.com\/english\/wp-content\/uploads\/sites\/2\/2023\/06\/Radoslaw-Kurek-2-fot.-Natalia-Mierzewska-1-300x200.jpg 300w, https:\/\/pilafestival.com\/english\/wp-content\/uploads\/sites\/2\/2023\/06\/Radoslaw-Kurek-2-fot.-Natalia-Mierzewska-1-1024x683.jpg 1024w, https:\/\/pilafestival.com\/english\/wp-content\/uploads\/sites\/2\/2023\/06\/Radoslaw-Kurek-2-fot.-Natalia-Mierzewska-1-768x512.jpg 768w, https:\/\/pilafestival.com\/english\/wp-content\/uploads\/sites\/2\/2023\/06\/Radoslaw-Kurek-2-fot.-Natalia-Mierzewska-1-1536x1024.jpg 1536w, https:\/\/pilafestival.com\/english\/wp-content\/uploads\/sites\/2\/2023\/06\/Radoslaw-Kurek-2-fot.-Natalia-Mierzewska-1-2048x1365.jpg 2048w\" sizes=\"(max-width: 2560px) 100vw, 2560px\" \/>\r\n\t\t\t\t\r\n\t\t\t\t\t\t\t\t\t<\/div><!-- .dslc-image -->\r\n\t\t<\/div>\r\n\t\t\r\n\t\t\t\t<\/div><!-- .dslc-module -->\r\n\t\t<\/div><\/div><\/div>\r\n\t\t<div  class=\"dslc-modules-section \" style=\"\" data-section-id=\"8dd83b7dd04\">\r\n\t\t\t\t\r\n\t\t\t\t\r\n\t\t\t\t<div class=\"dslc-modules-section-wrapper dslc-clearfix\"><div class=\"dslc-modules-area dslc-col dslc-12-col dslc-last-col dslc-valign- \" data-size=\"12\" data-valign=\"\">\r\n\t\t<div id=\"dslc-module-e5622dafabb\" class=\"dslc-module-front dslc-module-DSLC_TP_Title dslc-in-viewport-check dslc-in-viewport-anim-none  dslc-col dslc-12-col dslc-last-col  dslc-module-handle-like-regular \" data-module-id=\"e5622dafabb\" data-module=\"DSLC_TP_Title\" data-dslc-module-size=\"12\" data-dslc-anim=\"none\" data-dslc-anim-delay=\"\" data-dslc-anim-duration=\"650\"  data-dslc-anim-easing=\"ease\" data-dslc-preset=\"none\" >\r\n\r\n\t\t\t\r\n\t\t\t\r\n\t\t\r\n\t\t\t\t<div class=\"dslc-tp-title\"><h1>Rados\u0142aw Kurek<\/h1><\/div>\r\n\r\n\t\t\t\r\n\t\t\t\t<\/div><!-- .dslc-module -->\r\n\t\t<\/div><\/div><\/div>\r\n\t\t<div  class=\"dslc-modules-section \" style=\"padding-bottom:50px;padding-top:50px;\" data-section-id=\"4ae43f7fd07\">\r\n\t\t\t\t\r\n\t\t\t\t\r\n\t\t\t\t<div class=\"dslc-modules-section-wrapper dslc-clearfix\"><div class=\"dslc-modules-area dslc-col dslc-12-col dslc-last-col dslc-valign-top \" data-size=\"12\" data-valign=\"top\">\r\n\t\t<div id=\"dslc-module-36b3dd902ec\" class=\"dslc-module-front dslc-module-DSLC_Text_Simple dslc-in-viewport-check dslc-in-viewport-anim-none  dslc-col dslc-12-col dslc-last-col  dslc-module-handle-like-regular \" data-module-id=\"36b3dd902ec\" data-module=\"DSLC_Text_Simple\" data-dslc-module-size=\"12\" data-dslc-anim=\"none\" data-dslc-anim-delay=\"\" data-dslc-anim-duration=\"650\"  data-dslc-anim-easing=\"ease\" data-dslc-preset=\"none\" >\r\n\r\n\t\t\t\r\n\t\t\t\r\n\t\t\r\n\t\t<div class=\"dslc-text-module-content\">\r\n\t\t\t<p>Since winning The Bridget Doolan Prize for the best performance of W. A. Mozart\u2019s work at The International Piano Competition in Dublin and the top award at The Johannes Brahms International Competition in P\u00f6rtschach (with the cellist Georgiy Lomakov), Rados\u0142aw Kurek is working intensively to increase his repertoire. He continuously improves his chamber music skills and presents his sensibility to the audience by performing well- thought-out piano recitals with repertoire ranging from classical period to contemporary music of the present day.<\/p><p>His strength as an artist lies in the extraordinary flexibility in co-operation with other musicians, he is highly valued as a partner in chamber music. The result of the meetings with various artists has been recorded with leading music producers such as GENUIN Classics, Bayerischer Rundfunk, ANAGRAM, The Fryderyk Chopin Institute, Soliton, DUX and BeArTon.<\/p><p>As both soloist and chamber musician Radoslaw Kurek has taken part in various music festivals in Europe, America, Asia and Africa. He performed as a soloist with Wroclaw Philharmonic, Pomeranian Philharmonic, Baltic Philharmonic orchestras, Sinfonietta Cracovia and Capella Bydgostiensis appearing in numerous concert halls including Warsaw Philharmonic Hall, Cracow Philharmonic Hall, Baltic Philharmonic Hall, Pomeranian Philharmonic Hall, \u0141\u00f3d\u017a Philharmonic Hall, Warmian - Masurian Philharmonic Hall, The Witold Lutoslawski Concert Studio in Warsaw, Great Theatre \u2013 National Opera, Polish National Radio Symphony Orchestra in Katowice, Malm\u00f6 Live Konsethus, Gamle Logen Concert Hall in Oslo, Augustianum Auditorium in Roma, Festsaal in Vienna and Auditorium al Duomo in Florence.<\/p><p>Rados\u0142aw Kurek has performed with many numerous conductors as Jacek Kaspszyk, Jose Maria Florencio, Micha\u0142 Nesterowicz, Kai Bumann and Jakub Chrenowicz. He also partnered renowned artists as Jadwiga Rappe, Konstanty Andrzej Kulka, Roman Jab\u0142o\u0144ski, Mariusz Patyra, Anna Maria Sta\u015bkiewicz, Marcel Markowski, Jadwiga Kotnowska; he cooperated with Robert Kabara, Wies\u0142aw Kwa\u015bny, Bartosz Koziak, Magdalena Bojanowicz \u2013 Koziak, Mariusz Godlewski, Lutos\u0142awski Quartet and becoming widely known composer-performer Agata Zubel.<\/p><p>Rados\u0142aw Kurek graduated with distinction from Stanis\u0142aw Moniuszko Academy of Music in Gda\u0144sk, where he studied piano with Prof. Katarzyna Popowa-Zydro\u0144 (to whom he was assistant in years 2008-2009). Lecturer at Feliks Nowowiejski Academy of Music in Bydgoszcz since 2009, he currently holds the position of assistant professor, having earned doctorate in musical art in 2014, and postdoctoral degree in 2019.<\/p>\t\t<\/div>\r\n\r\n\t\t\r\n\t\t\t\t<\/div><!-- .dslc-module -->\r\n\t\t<\/div><\/div><\/div>\r\n\t\t<div  class=\"dslc-modules-section \" style=\"\" data-section-id=\"10cc68ab3e2\">\r\n\t\t\t\t\r\n\t\t\t\t\r\n\t\t\t\t<div class=\"dslc-modules-section-wrapper dslc-clearfix\"><\/div><\/div><\/div>","protected":false},"excerpt":{"rendered":"<p>Rados\u0142aw Kurek Since winning The Bridget Doolan Prize for the best performance of W. A. Mozart\u2019s work at The International Piano Competition in Dublin and the top award at The Johannes Brahms International Competition in P\u00f6rtschach (with the cellist Georgiy Lomakov), Rados\u0142aw Kurek is working intensively to increase his repertoire. He continuously improves his chamber [&hellip;]<\/p>\n","protected":false},"author":1,"featured_media":0,"parent":0,"menu_order":0,"comment_status":"closed","ping_status":"closed","template":"","meta":[],"_links":{"self":[{"href":"https:\/\/pilafestival.com\/english\/wp-json\/wp\/v2\/pages\/2094"}],"collection":[{"href":"https:\/\/pilafestival.com\/english\/wp-json\/wp\/v2\/pages"}],"about":[{"href":"https:\/\/pilafestival.com\/english\/wp-json\/wp\/v2\/types\/page"}],"author":[{"embeddable":true,"href":"https:\/\/pilafestival.com\/english\/wp-json\/wp\/v2\/users\/1"}],"replies":[{"embeddable":true,"href":"https:\/\/pilafestival.com\/english\/wp-json\/wp\/v2\/comments?post=2094"}],"version-history":[{"count":1,"href":"https:\/\/pilafestival.com\/english\/wp-json\/wp\/v2\/pages\/2094\/revisions"}],"predecessor-version":[{"id":2095,"href":"https:\/\/pilafestival.com\/english\/wp-json\/wp\/v2\/pages\/2094\/revisions\/2095"}],"wp:attachment":[{"href":"https:\/\/pilafestival.com\/english\/wp-json\/wp\/v2\/media?parent=2094"}],"curies":[{"name":"wp","href":"https:\/\/api.w.org\/{rel}","templated":true}]}}

Radosław Kurek

<div id="dslc-main">
		<div  class="dslc-modules-section " style="" data-section-id="7c594234c9f">
				
				
				<div class="dslc-modules-section-wrapper dslc-clearfix"><div class="dslc-modules-area dslc-col dslc-12-col dslc-last-col dslc-valign- " data-size="12" data-valign="">
		<div id="dslc-module-7f115afb004" class="dslc-module-front dslc-module-DSLC_Image dslc-in-viewport-check dslc-in-viewport-anim-none  dslc-col dslc-12-col dslc-last-col  dslc-module-handle-like-regular " data-module-id="7f115afb004" data-module="DSLC_Image" data-dslc-module-size="12" data-dslc-anim="none" data-dslc-anim-delay="" data-dslc-anim-duration="650"  data-dslc-anim-easing="ease" data-dslc-preset="none" >

			
			
				<div class="dslc-image-container">
		<div class="dslc-image">

			
				
									<img src="https://pilafestival.com/english/wp-content/uploads/sites/2/2023/06/Radoslaw-Kurek-2-fot.-Natalia-Mierzewska-1-scaled.jpg" alt="" title="" srcset="https://pilafestival.com/english/wp-content/uploads/sites/2/2023/06/Radoslaw-Kurek-2-fot.-Natalia-Mierzewska-1-scaled.jpg 2560w, https://pilafestival.com/english/wp-content/uploads/sites/2/2023/06/Radoslaw-Kurek-2-fot.-Natalia-Mierzewska-1-300x200.jpg 300w, https://pilafestival.com/english/wp-content/uploads/sites/2/2023/06/Radoslaw-Kurek-2-fot.-Natalia-Mierzewska-1-1024x683.jpg 1024w, https://pilafestival.com/english/wp-content/uploads/sites/2/2023/06/Radoslaw-Kurek-2-fot.-Natalia-Mierzewska-1-768x512.jpg 768w, https://pilafestival.com/english/wp-content/uploads/sites/2/2023/06/Radoslaw-Kurek-2-fot.-Natalia-Mierzewska-1-1536x1024.jpg 1536w, https://pilafestival.com/english/wp-content/uploads/sites/2/2023/06/Radoslaw-Kurek-2-fot.-Natalia-Mierzewska-1-2048x1365.jpg 2048w" sizes="(max-width: 2560px) 100vw, 2560px" />
				
									</div><!-- .dslc-image -->
		</div>
		
				</div><!-- .dslc-module -->
		</div></div></div>
		<div  class="dslc-modules-section " style="" data-section-id="8dd83b7dd04">
				
				
				<div class="dslc-modules-section-wrapper dslc-clearfix"><div class="dslc-modules-area dslc-col dslc-12-col dslc-last-col dslc-valign- " data-size="12" data-valign="">
		<div id="dslc-module-e5622dafabb" class="dslc-module-front dslc-module-DSLC_TP_Title dslc-in-viewport-check dslc-in-viewport-anim-none  dslc-col dslc-12-col dslc-last-col  dslc-module-handle-like-regular " data-module-id="e5622dafabb" data-module="DSLC_TP_Title" data-dslc-module-size="12" data-dslc-anim="none" data-dslc-anim-delay="" data-dslc-anim-duration="650"  data-dslc-anim-easing="ease" data-dslc-preset="none" >

			
			
		
				<div class="dslc-tp-title"><h1>Radosław Kurek</h1></div>

			
				</div><!-- .dslc-module -->
		</div></div></div>
		<div  class="dslc-modules-section " style="padding-bottom:50px;padding-top:50px;" data-section-id="4ae43f7fd07">
				
				
				<div class="dslc-modules-section-wrapper dslc-clearfix"><div class="dslc-modules-area dslc-col dslc-12-col dslc-last-col dslc-valign-top " data-size="12" data-valign="top">
		<div id="dslc-module-36b3dd902ec" class="dslc-module-front dslc-module-DSLC_Text_Simple dslc-in-viewport-check dslc-in-viewport-anim-none  dslc-col dslc-12-col dslc-last-col  dslc-module-handle-like-regular " data-module-id="36b3dd902ec" data-module="DSLC_Text_Simple" data-dslc-module-size="12" data-dslc-anim="none" data-dslc-anim-delay="" data-dslc-anim-duration="650"  data-dslc-anim-easing="ease" data-dslc-preset="none" >

			
			
		
		<div class="dslc-text-module-content">
			<p>Since winning The Bridget Doolan Prize for the best performance of W. A. Mozart’s work at The International Piano Competition in Dublin and the top award at The Johannes Brahms International Competition in Pörtschach (with the cellist Georgiy Lomakov), Radosław Kurek is working intensively to increase his repertoire. He continuously improves his chamber music skills and presents his sensibility to the audience by performing well- thought-out piano recitals with repertoire ranging from classical period to contemporary music of the present day.</p><p>His strength as an artist lies in the extraordinary flexibility in co-operation with other musicians, he is highly valued as a partner in chamber music. The result of the meetings with various artists has been recorded with leading music producers such as GENUIN Classics, Bayerischer Rundfunk, ANAGRAM, The Fryderyk Chopin Institute, Soliton, DUX and BeArTon.</p><p>As both soloist and chamber musician Radoslaw Kurek has taken part in various music festivals in Europe, America, Asia and Africa. He performed as a soloist with Wroclaw Philharmonic, Pomeranian Philharmonic, Baltic Philharmonic orchestras, Sinfonietta Cracovia and Capella Bydgostiensis appearing in numerous concert halls including Warsaw Philharmonic Hall, Cracow Philharmonic Hall, Baltic Philharmonic Hall, Pomeranian Philharmonic Hall, Łódź Philharmonic Hall, Warmian - Masurian Philharmonic Hall, The Witold Lutoslawski Concert Studio in Warsaw, Great Theatre – National Opera, Polish National Radio Symphony Orchestra in Katowice, Malmö Live Konsethus, Gamle Logen Concert Hall in Oslo, Augustianum Auditorium in Roma, Festsaal in Vienna and Auditorium al Duomo in Florence.</p><p>Radosław Kurek has performed with many numerous conductors as Jacek Kaspszyk, Jose Maria Florencio, Michał Nesterowicz, Kai Bumann and Jakub Chrenowicz. He also partnered renowned artists as Jadwiga Rappe, Konstanty Andrzej Kulka, Roman Jabłoński, Mariusz Patyra, Anna Maria Staśkiewicz, Marcel Markowski, Jadwiga Kotnowska; he cooperated with Robert Kabara, Wiesław Kwaśny, Bartosz Koziak, Magdalena Bojanowicz – Koziak, Mariusz Godlewski, Lutosławski Quartet and becoming widely known composer-performer Agata Zubel.</p><p>Radosław Kurek graduated with distinction from Stanisław Moniuszko Academy of Music in Gdańsk, where he studied piano with Prof. Katarzyna Popowa-Zydroń (to whom he was assistant in years 2008-2009). Lecturer at Feliks Nowowiejski Academy of Music in Bydgoszcz since 2009, he currently holds the position of assistant professor, having earned doctorate in musical art in 2014, and postdoctoral degree in 2019.</p>		</div>

		
				</div><!-- .dslc-module -->
		</div></div></div>
		<div  class="dslc-modules-section " style="" data-section-id="10cc68ab3e2">
				
				
				<div class="dslc-modules-section-wrapper dslc-clearfix"></div></div></div>

<p>Radosław Kurek Since winning The Bridget Doolan Prize for the best performance of W. A. Mozart’s work at The International Piano Competition in Dublin and the top award at The Johannes Brahms International Competition in Pörtschach (with the cellist Georgiy Lomakov), Radosław Kurek is working intensively to increase his repertoire. He continuously improves his chamber [&hellip;]</p>
