{"id":777,"date":"2018-06-07T12:48:13","date_gmt":"2018-06-07T10:48:13","guid":{"rendered":"http:\/\/pilafestival.com\/english\/?page_id=777"},"modified":"2018-06-07T12:48:13","modified_gmt":"2018-06-07T10:48:13","slug":"polityka-prywatnosci","status":"publish","type":"page","link":"https:\/\/pilafestival.com\/english\/polityka-prywatnosci\/","title":{"rendered":"Polityka prywatno\u015bci"},"content":{"rendered":"<div id=\"dslc-main\">\r\n\t\t<div  class=\"dslc-modules-section \" style=\"\" data-section-id=\"5e901de0415\">\r\n\t\t\t\t\r\n\t\t\t\t\r\n\t\t\t\t<div class=\"dslc-modules-section-wrapper dslc-clearfix\"><div class=\"dslc-modules-area dslc-col dslc-12-col dslc-last-col\" data-size=\"12\" data-valign=\"\">\r\n\t\t<div id=\"dslc-module-6ad55a914e6\" class=\"dslc-module-front dslc-module-DSLC_Text_Simple dslc-in-viewport-check dslc-in-viewport-anim-none  dslc-col dslc-12-col dslc-last-col  dslc-module-handle-like-regular \" data-module-id=\"6ad55a914e6\" data-module=\"DSLC_Text_Simple\" data-dslc-module-size=\"12\" data-dslc-anim=\"none\" data-dslc-anim-delay=\"\" data-dslc-anim-duration=\"650\"  data-dslc-anim-easing=\"ease\" data-dslc-preset=\"none\" >\r\n\r\n\t\t\t\r\n\t\t\t\r\n\t\t\r\n\t\t<div class=\"dslc-text-module-content\">\r\n\t\t\t<h1>Informacje og\u00f3lne:<\/h1><p><br>Korzystanie z us\u0142ugi \u201eNewsletter\u201d jest dobrowolne, bezp\u0142atne i bezterminowe<br>W celu \u015bwiadczenia us\u0142ugi pozyskuje si\u0119 od zainteresowanych adresy e-mail<br>Ka\u017cdy zapisany podmiot ma mo\u017cliwo\u015b\u0107 usuni\u0119cia swoich danych<br>Proces rejestracji<br>Us\u0142uga \u015bwiadczona jest wy\u0142\u0105cznie osobom zarejestrowanym<br>Aby dokona\u0107 bezp\u0142atnej rejestracji nale\u017cy wej\u015b\u0107 na stron\u0119 spectrum-krakow.pl<br>W stopce strony, w sekcji \u201eZapisz si\u0119 do newslettera\u201d nale\u017cy w formularzu wpisa\u0107 sw\u00f3j adres e-mail, zaznaczy\u0107 checkbox \u201eZnam i akceptuj\u0119 polityk\u0119 prywatno\u015bci\u201d a nast\u0119pnie klikn\u0105\u0107 przycisk \u201eZapisz\u201d<br>Na podany adres e-mail zostanie wys\u0142ana wiadomo\u015b\u0107 z linkiem aktywacyjnym. Aby potwierdzi\u0107 rejestracj\u0119 nale\u017cy w niego klikn\u0105\u0107.<br>Na podany adres e-mail wys\u0142ana zostanie wiadomo\u015b\u0107 potwierdzaj\u0105ca rejestracj\u0119<br>Proces usuwania zarejestrowanych danych<br>Aby usun\u0105\u0107 sw\u00f3j adres email nale\u017cy Klikn\u0105\u0107 w link przes\u0142any w wiadomo\u015bci powitalnej lub dowolnej wiadomo\u015bci kt\u00f3ra zosta\u0142a przes\u0142ana przez us\u0142ug\u0119 \u201eNewsletter\u201d<br>Na wy\u015bwietlonej stronie nale\u017cy klikn\u0105\u0107 w przycisk potwierdzaj\u0105cy usuni\u0119cie.<\/p>\t\t<\/div>\r\n\r\n\t\t\r\n\t\t\t\t<\/div><!-- .dslc-module -->\r\n\t\t<\/div><\/div><\/div><\/div>","protected":false},"excerpt":{"rendered":"<p>Informacje og\u00f3lne:Korzystanie z us\u0142ugi \u201eNewsletter\u201d jest dobrowolne, bezp\u0142atne i bezterminoweW celu \u015bwiadczenia us\u0142ugi pozyskuje si\u0119 od zainteresowanych adresy e-mailKa\u017cdy zapisany podmiot ma mo\u017cliwo\u015b\u0107 usuni\u0119cia swoich danychProces rejestracjiUs\u0142uga \u015bwiadczona jest wy\u0142\u0105cznie osobom zarejestrowanymAby dokona\u0107 bezp\u0142atnej rejestracji nale\u017cy wej\u015b\u0107 na stron\u0119 spectrum-krakow.plW stopce strony, w sekcji \u201eZapisz si\u0119 do newslettera\u201d nale\u017cy w formularzu wpisa\u0107 sw\u00f3j adres e-mail, [&hellip;]<\/p>\n","protected":false},"author":1,"featured_media":0,"parent":0,"menu_order":0,"comment_status":"closed","ping_status":"closed","template":"","meta":[],"_links":{"self":[{"href":"https:\/\/pilafestival.com\/english\/wp-json\/wp\/v2\/pages\/777"}],"collection":[{"href":"https:\/\/pilafestival.com\/english\/wp-json\/wp\/v2\/pages"}],"about":[{"href":"https:\/\/pilafestival.com\/english\/wp-json\/wp\/v2\/types\/page"}],"author":[{"embeddable":true,"href":"https:\/\/pilafestival.com\/english\/wp-json\/wp\/v2\/users\/1"}],"replies":[{"embeddable":true,"href":"https:\/\/pilafestival.com\/english\/wp-json\/wp\/v2\/comments?post=777"}],"version-history":[{"count":1,"href":"https:\/\/pilafestival.com\/english\/wp-json\/wp\/v2\/pages\/777\/revisions"}],"predecessor-version":[{"id":778,"href":"https:\/\/pilafestival.com\/english\/wp-json\/wp\/v2\/pages\/777\/revisions\/778"}],"wp:attachment":[{"href":"https:\/\/pilafestival.com\/english\/wp-json\/wp\/v2\/media?parent=777"}],"curies":[{"name":"wp","href":"https:\/\/api.w.org\/{rel}","templated":true}]}}